derivative of 17*v**4/12 - 3*v**2/2 - 20*v. Let d(p) = 17*p**2 - p - 4. Let m(n) = 6*c(n) - 5*d(n). List the prime factors of m(-2).
2, 3, 5
Suppose 10*c + 5 = 15*c. What are the prime factors of (c*(-1 + 0))/(2/(-16))?
2
Let b(c) be the third derivative of c**5/60 - 5*c**4/24 - 23*c**3/3 - 20*c**2. Let d be b(15). List the prime factors of d/(-39)*(-126)/4.
2, 3, 7
Suppose 51 = -11*z - 224. Let i(y) = -y**3 - 24*y**2 - 5*y + 105. List the prime factors of i(z).
3, 5, 19
Let s(u) = 9*u**2 - 31*u + 65. What are the prime factors of s(7)?
17
Let a be 166/4*2*(-8 - -1). Let s = a - -836. Suppose -6*z + 393 = -s. What are the prime factors of z?
2, 3
List the prime factors of (-71004)/610*35*27/(-6).
3, 7, 97
Let g = -118 - -151. Suppose 13187 + 15787 = g*r. What are the prime factors of r?
2, 439
What are the prime factors of ((-2140)/6)/(148/(-11766))?
5, 53, 107
List the prime factors of 10/2*(2246505/300 + 9/(-12)).
2, 18719
Let p(x) = -x**3 - 8*x**2 + 30*x + 7. Let v be p(6). Let m = v - -664. What are the prime factors of m?
347
Let a be 468/10 + 1/5. Suppose y = 4*z + 50, -5*y + 5*z + 278 = -a. List the prime factors of y.
2, 5, 7
Suppose 328*i - 5368 = 324*i. Let x = i - 878. What are the prime factors of x?
2, 29
Let i(w) = 9*w - 3. Let a be i(1). What are the prime factors of 0 + a + (-5 - -322)?
17, 19
Let q be (-1)/(-6) - (-10)/12. What are the prime factors of (-17 + 37)/(q/8)?
2, 5
Suppose -3*p - 4351 = 11*s - 13*s, -4343 = -2*s - 5*p. What are the prime factors of s?
2, 1087
Let j = -17 + 20. Suppose 0 = -x + 2*n, -2*n + 13 = -j*x - 7. List the prime factors of x/(-30) - 184/(-6).
31
List the prime factors of 861 - 5/(-30)*(-19 - 56/(-8)).
859
Let v = 548 + -552. Let n(p) = -156*p + 176. List the prime factors of n(v).
2, 5
Let l(v) = -2294*v**2 - 43*v - 62. Let n(x) = 574*x**2 + 11*x + 15. Let g(f) = 2*l(f) + 9*n(f). What are the prime factors of g(-1)?
2, 3
Let u be (-2*(-2)/(-4))/(1/(-4)). Suppose 4*z - 40 = 3*q, -u*z + 12 = -2*q - 16. List the prime factors of 1 + ((-428)/6)/(8/q).
2, 3
Let v(m) = 97*m**3 + m**2 + 11*m - 8. Let p(r) = -r**3 - 2*r + 1. Let q(n) = 5*p(n) + v(n). List the prime factors of q(2).
739
Let n = -129 + 196. Suppose n*c - 59*c = 5128. List the prime factors of c.
641
Let q = 33523 + -19542. List the prime factors of q.
11, 31, 41
Let b = 193 - 129. Suppose -b = -4*u + 4*p, -48 = -3*u + p - 3*p. Suppose z - 112 = u. List the prime factors of z.
2
Let c(j) = -20*j + 11. Let b(g) = -60*g + 34. Let s = 25 - 32. Let p(d) = s*c(d) + 2*b(d). What are the prime factors of p(6)?
3, 37
Suppose -3*p - 3*v = 1170, p + 5*v = 167 - 537. Let s = -136 - p. List the prime factors of s.
7, 37
Suppose -141*x - 885312 = -247*x. What are the prime factors of x?
2, 3, 29
Let q be (-1)/(-1) + (21*-58)/(-6). Let k = -17 + q. What are the prime factors of k?
11, 17
Suppose 5*y = -b + 2244, 4*y + 0*b = 5*b + 1801. Suppose r - 3*t - 409 = 0, -5*t = r - 0*r - y. List the prime factors of r.
2, 53
Let o(s) = 2*s + 10. Let x be o(7). Let a be (x/(-4) - 0)/(-2). Suppose -4*c + 334 = -2*g, 0*c + 4*g - 223 = -a*c. What are the prime factors of c?
3
Let x be (-2 - -9 - 6)*-72. List the prime factors of x*(-3 + 0 + 50/(-10)).
2, 3
Let h(a) = a**3 - 7*a**2 + 9*a - 60. Let q be h(7). Suppose 0 = -z - q*z + 1512. List the prime factors of z.
2, 3, 7
Let g = 56 - 4. Let o be 8/(-6)*603/(-6). Let k = o - g. List the prime factors of k.
2, 41
Suppose 6 - 74 = 17*o. Let w be (528/(-40))/((-1)/(-5)). Let g = o - w. List the prime factors of g.
2, 31
Let z = 217 - 214. Suppose -g = v - 3*v + 762, -1142 = -z*v + g. List the prime factors of v.
2, 5, 19
Let n be 0/23 + (2 - (2 - 11)). Let t(c) = c**3 - 9*c**2 + 30*c - 18. What are the prime factors of t(n)?
2, 277
Let r(f) = 8*f - 22. Let l(c) = 2*c**2 + 3*c + 1. Suppose -24 = 3*m + 5*m. Let u be l(m). List the prime factors of r(u).
2, 29
Suppose -47*n + 35 = -46*n - 5*v, -n = -3*v - 25. Suppose -n*y + y = -639. What are the prime factors of y?
71
Let d = 756 - 274. Let h = d + 13. What are the prime factors of h?
3, 5, 11
Let k be 1/(-2) - 8/(80/(-65)). Suppose k*t - 852 = 768. List the prime factors of t.
2, 3, 5
Let m = 7 - 3. Suppose 0 = -2*l + m*l - 30. What are the prime factors of (-52 + l)/((-2)/4)?
2, 37
Let u = 23 + -46. Let c = u + -80. Let m = c + 209. List the prime factors of m.
2, 53
Let j = 6890 + -4540. Suppose -5*r = -3*s + 456 + j, -s - r = -946. What are the prime factors of s?
2, 3, 157
Suppose -5*u + 24480 = 5*n, n = 7*u - 5*u - 9780. What are the prime factors of u?
2, 1223
Suppose 5*i = -2*d - 0*d - 10, -3*d + 35 = -5*i. Suppose 0 = d*w + 2*j - 29, 3*w - 8 = w + j. Suppose 600 = -w*c + 9*c. What are the prime factors of c?
2, 3, 5
Let b be (-173)/((-1)/1*1/(-3)). Let d = b + 959. List the prime factors of d.
2, 5, 11
Let l(z) = -35*z**3 - 2*z**2 - z - 2. Let u be l(-1). What are the prime factors of ((-239)/2 - 2)*u/(-24)?
2, 3
Suppose -2 = l - 6. Suppose -2*g - 6*p + 380 = -5*p, -l*p - 748 = -4*g. What are the prime factors of g?
3, 7
Let n = -20968 + 36534. List the prime factors of n.
2, 43, 181
Suppose 0 = 434*p - 367*p - 331717. List the prime factors of p.
4951
Let j be (-3 - 12)/(-3) - 2. Suppose -5*r + 191 = 3*a - 351, 2*a - j*r - 374 = 0. What are the prime factors of a?
2, 23
Let k(c) = -6*c + 35. Let y be 3/(3/(-2))*7/(-2). Let i be k(y). What are the prime factors of i/28 + (-1275)/(-12)?
2, 53
Suppose -15*v + 134227 = 24697. What are the prime factors of v?
2, 3, 1217
Suppose -121*i - 537457 = -164*i. What are the prime factors of i?
29, 431
Let p = -559 - -375. Let f = p - -249. What are the prime factors of f?
5, 13
Let y(t) = -t. Let i be y(0). Suppose 2*m + 6*m - 16 = i. Suppose -77 = -m*z + 75. What are the prime factors of z?
2, 19
Let y be 739/4 - 12/(336/(-35)). Let l = 130 + -205. Let r = l + y. What are the prime factors of r?
3, 37
What are the prime factors of (-11)/(-22)*(6811 - -5)?
2, 3, 71
Suppose c = 4*b - 2*b - 150, 0 = c - b + 151. Let l = c + 374. Let q = l - 126. List the prime factors of q.
2, 3
Suppose 2*y - 4*t - 20 = 0, -4*t + 15 = -3*y - 7*t. Suppose y = -7*v + 2182 + 254. List the prime factors of v.
2, 3, 29
Let z(i) be the second derivative of i**5/20 - 8*i**4/3 + 19*i**3/6 - 15*i**2 + 88*i. What are the prime factors of z(32)?
2, 17
Suppose 12262432 = 71*v + 111*v. List the prime factors of v.
2, 4211
Let o be -5 + (-2)/2 + -3 + 3. Let t = -1 - o. Suppose 0*h - h + 5*a = -48, 5*a = t*h - 260. What are the prime factors of h?
53
Let d(j) = 35*j**2 - 38*j + 195. Let u(f) = -f**2 - 12*f + 7. Let v be u(0). What are the prime factors of d(v)?
2, 3, 137
Suppose 52*p = 83*p + 98*p - 2327418. What are the prime factors of p?
2, 3, 31, 97
Suppose -5*h = -4*h + 1. Let l be (h - -2)/5 + 2780/(-25). Let z = l - -239. List the prime factors of z.
2
Let p = -81 + 145. Suppose 0 = -5*a - 3*s + 1301, -62*a = -p*a + 5*s + 539. List the prime factors of a.
2, 131
What are the prime factors of 1 + 70746 - (-289 - -267)?
70769
Suppose -20 = -3*x - x - 5*d, -3*x - 3*d = -15. What are the prime factors of (6 - x)/(-1)*-439?
439
Suppose 6*t + 4*t - 281380 = -t. List the prime factors of t.
2, 5, 1279
Let y = 1176 - -10465. What are the prime factors of y?
7, 1663
List the prime factors of 24/(-10) + 2 + -35*(-337382)/425.
2, 23, 151
Let o(i) = 2051*i**3 - 7*i**2 + 8*i - 1. Let u be o(1). Let w = 2978 - u. List the prime factors of w.
3, 103
Let v(h) = h**3 + 8*h**2 - 11*h - 8. Let d be v(-8). Suppose -20 = -5*k, -4*k + 5*k - d = -4*i. Let a = i + 171. What are the prime factors of a?
2, 5, 19
Suppose 12*d = 2559 + 10497. Suppose -207 - d = -g. What are the prime factors of g?
5, 7, 37
Let c be (4/(-6))/(5/(-2070)). Suppose -5*n + c = -3*n. What are the prime factors of n?
2, 3, 23
Let f(o) = -o**3 - 5*o**2 + 6. Let v be f(-5). Suppose a = 8 - v. What are the prime factors of 3528/117 + a/(-13)?
2, 3, 5
Suppose 390*v - 10554938 = -857588. List the prime factors of v.
5, 4973
Let d(b) = 18641*b**2 - 31*b + 2. List the prime factors of d(1).
2, 3, 11, 47
Let o(u) = -3*u - 11. Let v = 46 + -53. Let i be o(v). Let a(z) = 3*z**2 - 8*z + 3. What are the prime factors of a(i)?
223
Let f(l) = l**3 - 25*l**2 + 25*l + 45. What are the prime factors of f(28)?
19